05
In base 3, what is -1010002111112200 + 1110?
-1010002111111020
In base 5, what is 2114 - 1124133014?
-1124130400
In base 13, what is 315 - -58447?
5875c
In base 14, what is -989d - -301b?
-6882
In base 15, what is -4380411 - -1e?
-43803e2
In base 2, what is -10010010011 + 100111110100?
10101100001
In base 12, what is ba2515 - -18?
ba2531
In base 15, what is -58 + 2e491?
2e438
In base 11, what is -3 + 157a60a4?
157a60a1
In base 8, what is -1211 - 12364?
-13575
In base 10, what is -4 + 55736550?
55736546
In base 8, what is 14004 + 16374?
32400
In base 13, what is 0 - -81bb66?
81bb66
In base 2, what is 110111100010000101000 + 101?
110111100010000101101
In base 13, what is 3b1 - 1993?
-15b2
In base 5, what is 1 - 12122230102?
-12122230101
In base 12, what is 231164 - 53?
231111
In base 2, what is -11001011 + 111011000011?
110111111000
In base 12, what is -3b - -1a46108?
1a46089
In base 11, what is 91 - 492581?
-4924a0
In base 5, what is 122002121 - -11?
122002132
In base 9, what is -5 - 57457610?
-57457615
In base 8, what is -165 - 15362170?
-15362355
In base 14, what is -2dc4c + 70?
-2dbbc
In base 7, what is 4103640 - 10?
4103630
In base 3, what is -100100112220 - 220?
-100100120210
In base 13, what is -939 + 2b50b?
2a8a2
In base 7, what is 0 - -32320001?
32320001
In base 16, what is 1e8b7808 + 5?
1e8b780d
In base 16, what is -2e75dd8 - 2?
-2e75dda
In base 12, what is -823256 + 8?
-82324a
In base 9, what is 166 + 235420?
235586
In base 4, what is -1211203 - 331230?
-2203033
In base 15, what is -8 + -688026?
-68802e
In base 9, what is -541450840 - 4?
-541450844
In base 11, what is -148868234 + -4?
-148868238
In base 16, what is -1c - -5d69e8?
5d69cc
In base 8, what is -15565 - 35?
-15622
In base 6, what is -15500145 + 104?
-15500041
In base 12, what is 154757604 + -2?
154757602
In base 16, what is 151bbc + 7?
151bc3
In base 7, what is 3210 + -11245034?
-11241524
In base 4, what is -10132 + 221332333?
221322201
In base 16, what is 60bbaac + 4?
60bbab0
In base 14, what is 192c897 - b?
192c88a
In base 3, what is -10 + 121001102102002?
121001102101222
In base 9, what is -141701157 - 0?
-141701157
In base 6, what is 43453002 - -2?
43453004
In base 5, what is -3 - 24033332100?
-24033332103
In base 2, what is -10001001101011111010011 - 101111?
-10001001101100000000010
In base 16, what is 204aa76 + -9?
204aa6d
In base 5, what is 3223 - -4323312?
4332040
In base 11, what is 4 + 966a32?
966a36
In base 2, what is -11000000010011 - -10111001001?
-10101001001010
In base 2, what is -110100000101010111010 + 100010?
-110100000101010011000
In base 13, what is -488484 + -2?
-488486
In base 7, what is -1 - 323246003?
-323246004
In base 3, what is -122201000010121201 - -20?
-122201000010121111
In base 11, what is 976434 - 20?
976414
In base 13, what is -42 + -44ca7?
-45019
In base 13, what is -5355b - 3c7?
-53955
In base 7, what is 40122 + 63551?
134003
In base 5, what is -13210 - 41242?
-110002
In base 11, what is 5a + 943700?
94375a
In base 5, what is 2 + -1211101020?
-1211101013
In base 12, what is -4 - -14a07ab6?
14a07ab2
In base 9, what is -275 - 61584?
-61870
In base 11, what is 45533 - 3a3?
45140
In base 3, what is -11202111201201 - 1?
-11202111201202
In base 12, what is 81 - -338a3?
33964
In base 14, what is 79d + -b4d?
-390
In base 15, what is -3 - -d1e832?
d1e82e
In base 7, what is -40064 - 241054?
-311151
In base 9, what is -4682801 - 5?
-4682806
In base 8, what is 160252644 - -23?
160252667
In base 15, what is -4 + a5822a?
a58226
In base 4, what is 32120 + 300130310?
300223030
In base 12, what is -207b - -99b5?
7936
In base 14, what is -21 - -1d1983?
1d1962
In base 10, what is 497 + -79163?
-78666
In base 12, what is -714 - 2b0a?
-3622
In base 14, what is -118 - -10943?
10829
In base 3, what is 111 + 2020012100201101?
2020012100201212
In base 14, what is -9dd - -55a?
-483
In base 14, what is -5 + -17d60a?
-17d611
In base 7, what is -2046132 + -4036?
-2053201
In base 9, what is -628304 - 13?
-628317
In base 13, what is -1a1202 - -4a?
-1a1185
In base 10, what is -352 + -233833?
-234185
In base 15, what is a27158b + -1?
a27158a
In base 14, what is -67 - -110b17?
110a90
In base 3, what is -111121100112010 + -2?
-111121100112012
In base 3, what is -22201112001 + -1001110?
-22202120111
In base 13, what is -956 + -6035?
-698b
In base 7, what is 2442 - -44145?
46620
In base 10, what is 2130 - 1551?
579
In base 10, what is 178 - 20280?
-20102
In base 16, what is -4 + -9f5b4e?
-9f5b52
In base 3, what is -11 - -1110220011112020?
1110220011112002
In base 9, what is 7624407 - -25?
7624433
In base 2, what is 111 + -111000000101100000111?
-111000000101100000000
In base 3, what is -21120221202121 - -200?
-21120221201221
In base 13, what is -5 + 8629008?
8629003
In base 4, what is 2221100233 - 11?
2221100222
In base 15, what is 128ce3 + 166?
128e59
In base 11, what is -222 + 1a869?
1a647
In base 15, what is 31b43 + 24a?
31d8d
In base 10, what is -130 + -2197298?
-2197428
In base 3, what is -11122221 - -11200200?
202
In base 10, what is -1 - -22134366?
22134365
In base 7, what is 2456163202 + 2?
2456163204
In base 7, what is -4634 - 1241540?
-1246504
In base 8, what is 5 + -52730257?
-52730252
In base 8, what is 2345254354 + -2?
2345254352
In base 5, what is 10 + -420442113?
-420442103
In base 10, what is -9882 - -611?
-9271
In base 3, what is -120011222111110 - 20?
-120011222111200
In base 8, what is 0 - -25561672?
25561672
In base 6, what is -10252245 + -53?
-10252342
In base 7, what is -640 + 162134?
161164
In base 14, what is -6 - -27658a4?
276589c
In base 11, what is 70503 + -2a0?
70213
In base 2, what is -101101 + -1010011110100001010110?
-1010011110100010000011
In base 8, what is 5 + 14773105?
14773112
In base 12, what is -61 - b3252?
-b32b3
In base 8, what is 2700251 - -1747?
2702220
In base 13, what is -1384 + -4209?
-5590
In base 4, what is -1123120103 - -30?
-1123120013
In base 8, what is 26 - 2651463?
-2651435
In base 16, what is -15e - -2110e?
20fb0
In base 9, what is 453404 + -724?
452570
In base 14, what is 47290a - -1?
47290b
In base 4, what is -100103 - -123123?
23020
In base 15, what is 17d6b252 - 5?
17d6b24c
In base 13, what is -2c0 - -5934?
5644
In base 6, what is -13524 - 12040?
-30004
In base 14, what is -7cd - d705?
-100d4
In base 8, what is -13 - -64775415?
64775402
In base 10, what is 76268132 - 2?
76268130
In base 15, what is -a + 314441?
314436
In base 2, what is 10011000110 + 10011000100110?
10101011101100
In base 2, what is -11010001 + -11111100?
-111001101
In base 12, what is 12129773 - 4?
1212976b
In base 6, what is -3 + -1500504035?
-1500504042
In base 11, what is 16 - -a176a1a?
a176a35
In base 4, what is 1222223031 + 13?
1222223110
In base 9, what is -7280 + 1711?
-5468
In base 8, what is 12171615 - 4?
12171611
In base 5, what is -40440341 - 30?
-40440421
In base 2, what is 111001001100100111111010 - 1000?
111001001100100111110010
In base 14, what is 3 - 2390d69?
-2390d66
In base 12, what is b10358 - -5?
b10361
In base 16, what is a + -ec34d4?
-ec34ca
In base 16, what is 12a0 + 13153?
143f3
In base 10, what is -22517 - -898?
-21619
In base 12, what is -3b259011 - 1?
-3b259012
In base 13, what is 827223 - 110?
827113
In base 6, what is 54312 + -11513?
42355
In base 7, what is 22 + -45542631?
-45542606
In base 8, what is 726630 - -105?
726735
In base 13, what is 715189 + b?
715197
In base 10, what is 716737 + 140?
716877
In base 14, what is -349 + 1172d?
113c4
In base 3, what is 22022 + -10220102212020?
-10220102112221
In base 8, what is 2467 + -2132440?
-2127751
In base 4, what is -333322130223 + 132?
-333322130031
In base 10, what is 15158229 - 29?
15158200
In base 13, what is -28 - -377a5a6?
377a57b
In base 13, what is -48491 - -69b4?
-417aa
In base 15, what is 0 - 2d01ad?
-2d01ad
In base 15, what is 1e82c0 - -2c?
1e82ec
In base 5, what is 21222100134 + 3?
21222100142
In base 16, what is -3ff2c5 - -6?
-3ff2bf
In base 14, what is -5 - -453866?
453861
In base 5, what is 231402 - -11123?
243030
In base 3, what is 20020101221 + 102220?
20020211211
In base 2, what is -100000010000011100 - -1001010?
-100000001111010010
In base 9, what is 236342 - 186?
236145
In base 6, what is 32514 + -245232?
-212314
In base 12, what is -7507 - -7a8a?
5